{"id":3944,"date":"2020-07-05T22:01:46","date_gmt":"2020-07-05T20:01:46","guid":{"rendered":"https:\/\/the-otherside.eu\/?post_type=product&#038;p=3944"},"modified":"2024-11-21T16:00:36","modified_gmt":"2024-11-21T15:00:36","slug":"sac-fourre-tout-blanc","status":"publish","type":"product","link":"https:\/\/the-otherside.eu\/eng\/product\/sac-fourre-tout-blanc\/","title":{"rendered":"Tote bag \u2013 White"},"content":{"rendered":"<p>\u25cf Dimensions: 38 cm x 39 cm (without handles)<\/p>\n<p>\u25cf Fabric: 100% organic cotton canvas (GOTS) printed with eco-friendly inks in Sweden<\/p>\n<p>\u25cf Thread: 100% organic cotton<\/p>\n<p>\u25cf Ethically handmade with care in France<\/p>\n<p>\u25cf We recommend washing by hand at a maximum of 30\u00b0. To keep the colours beautiful, avoid products containing bleach, wash on the reverse side, iron at a low temperature, do not tumble dry and do not dry clean.<\/p>\n<p>\u25cf Sent in recycled packaging<\/p>","protected":false},"excerpt":{"rendered":"<p>Nous sommes toutes addictes de ces sacs fantastiques qui servent de sacs \u00e0 provisions, sacs de sport et sacs \u00e0 main ! Avec ce sac fourre-tout en coton 100% biologique, tu as un nouveau BFF qui est toujours l\u00e0 pour toi &#8211; pour transporter tes v\u00eatements et ta bouteille d\u2019eau \u00e0 la salle de gym, pour t\u2019accompagner en soir\u00e9e et veiller sur ton maquillage, ta paire de chaussures confort et ton chargeur de batterie, ou pour stocker ta serviette, ton livre et quelques fruits en allant \u00e0 la plage. L\u2019imprim\u00e9 \u00ab Cosmos Chaos \u00bb rendra ta journ\u00e9e un peu plus magique. Compos\u00e9 de coton 100% biologique avec encres \u00e0 base d\u2019eau.<\/p>","protected":false},"featured_media":5829,"comment_status":"closed","ping_status":"closed","template":"","meta":{"_mi_skip_tracking":false},"product_cat":[95,70],"product_tag":[296,71,295,294],"class_list":{"0":"post-3944","1":"product","2":"type-product","3":"status-publish","4":"has-post-thumbnail","5":"hentry","6":"product_cat-accessoires","7":"product_cat-sacs","8":"product_tag-accessories","9":"product_tag-bag","10":"product_tag-fashion","11":"product_tag-tote-bag","13":"catalog-layout-default","14":"columns-xs-1"},"yoast_head":"<!-- This site is optimized with the Yoast SEO plugin v20.6 - https:\/\/yoast.com\/wordpress\/plugins\/seo\/ -->\n<title>Tote bag fait main - Blanc - The Other Side<\/title>\n<meta name=\"description\" content=\"Un tote bag fait main, con\u00e7u dans le respect de l&#039;environnement, des animaux et de votre peau. LE sac slow fashion.\" \/>\n<meta name=\"robots\" content=\"index, follow, max-snippet:-1, max-image-preview:large, max-video-preview:-1\" \/>\n<link rel=\"canonical\" href=\"https:\/\/the-otherside.eu\/eng\/product\/sac-fourre-tout-blanc\/\" \/>\n<meta property=\"og:locale\" content=\"en_GB\" \/>\n<meta property=\"og:type\" content=\"article\" \/>\n<meta property=\"og:title\" content=\"Tote bag fait main - Blanc - The Other Side\" \/>\n<meta property=\"og:description\" content=\"Un tote bag fait main, con\u00e7u dans le respect de l&#039;environnement, des animaux et de votre peau. LE sac slow fashion.\" \/>\n<meta property=\"og:url\" content=\"https:\/\/the-otherside.eu\/eng\/product\/sac-fourre-tout-blanc\/\" \/>\n<meta property=\"og:site_name\" content=\"The Other Side\" \/>\n<meta property=\"article:modified_time\" content=\"2024-11-21T15:00:36+00:00\" \/>\n<meta property=\"og:image\" content=\"https:\/\/the-otherside.eu\/wp-content\/uploads\/2020\/07\/IMG_2671-533x800.png\" \/>\n\t<meta property=\"og:image:width\" content=\"533\" \/>\n\t<meta property=\"og:image:height\" content=\"800\" \/>\n\t<meta property=\"og:image:type\" content=\"image\/png\" \/>\n<meta name=\"twitter:card\" content=\"summary_large_image\" \/>\n<meta name=\"twitter:label1\" content=\"Estimated reading time\" \/>\n\t<meta name=\"twitter:data1\" content=\"1 minute\" \/>\n<script type=\"application\/ld+json\" class=\"yoast-schema-graph\">{\"@context\":\"https:\/\/schema.org\",\"@graph\":[{\"@type\":\"WebPage\",\"@id\":\"https:\/\/the-otherside.eu\/produit\/sac-fourre-tout-blanc\/\",\"url\":\"https:\/\/the-otherside.eu\/produit\/sac-fourre-tout-blanc\/\",\"name\":\"Tote bag fait main - Blanc - The Other Side\",\"isPartOf\":{\"@id\":\"https:\/\/the-otherside.eu\/#website\"},\"datePublished\":\"2020-07-05T20:01:46+00:00\",\"dateModified\":\"2024-11-21T15:00:36+00:00\",\"description\":\"Un tote bag fait main, con\u00e7u dans le respect de l'environnement, des animaux et de votre peau. LE sac slow fashion.\",\"breadcrumb\":{\"@id\":\"https:\/\/the-otherside.eu\/produit\/sac-fourre-tout-blanc\/#breadcrumb\"},\"inLanguage\":\"en-GB\",\"potentialAction\":[{\"@type\":\"ReadAction\",\"target\":[\"https:\/\/the-otherside.eu\/produit\/sac-fourre-tout-blanc\/\"]}]},{\"@type\":\"BreadcrumbList\",\"@id\":\"https:\/\/the-otherside.eu\/produit\/sac-fourre-tout-blanc\/#breadcrumb\",\"itemListElement\":[{\"@type\":\"ListItem\",\"position\":1,\"name\":\"Accueil\",\"item\":\"https:\/\/the-otherside.eu\/\"},{\"@type\":\"ListItem\",\"position\":2,\"name\":\"Boutique\",\"item\":\"https:\/\/the-otherside.eu\/shop\/\"},{\"@type\":\"ListItem\",\"position\":3,\"name\":\"Tote bag \u2013 Blanc\"}]},{\"@type\":\"WebSite\",\"@id\":\"https:\/\/the-otherside.eu\/#website\",\"url\":\"https:\/\/the-otherside.eu\/\",\"name\":\"The Other Side\",\"description\":\"\",\"publisher\":{\"@id\":\"https:\/\/the-otherside.eu\/#organization\"},\"potentialAction\":[{\"@type\":\"SearchAction\",\"target\":{\"@type\":\"EntryPoint\",\"urlTemplate\":\"https:\/\/the-otherside.eu\/?s={search_term_string}\"},\"query-input\":\"required name=search_term_string\"}],\"inLanguage\":\"en-GB\"},{\"@type\":\"Organization\",\"@id\":\"https:\/\/the-otherside.eu\/#organization\",\"name\":\"The Other Side\",\"url\":\"https:\/\/the-otherside.eu\/\",\"logo\":{\"@type\":\"ImageObject\",\"inLanguage\":\"en-GB\",\"@id\":\"https:\/\/the-otherside.eu\/#\/schema\/logo\/image\/\",\"url\":\"https:\/\/the-otherside.eu\/wp-content\/uploads\/2020\/07\/THE-OTHER-SIDE_with-O-logo.png\",\"contentUrl\":\"https:\/\/the-otherside.eu\/wp-content\/uploads\/2020\/07\/THE-OTHER-SIDE_with-O-logo.png\",\"width\":1920,\"height\":561,\"caption\":\"The Other Side\"},\"image\":{\"@id\":\"https:\/\/the-otherside.eu\/#\/schema\/logo\/image\/\"}}]}<\/script>\n<!-- \/ Yoast SEO plugin. -->","yoast_head_json":{"title":"Tote bag fait main - Blanc - The Other Side","description":"Un tote bag fait main, con\u00e7u dans le respect de l'environnement, des animaux et de votre peau. LE sac slow fashion.","robots":{"index":"index","follow":"follow","max-snippet":"max-snippet:-1","max-image-preview":"max-image-preview:large","max-video-preview":"max-video-preview:-1"},"canonical":"https:\/\/the-otherside.eu\/eng\/product\/sac-fourre-tout-blanc\/","og_locale":"en_GB","og_type":"article","og_title":"Tote bag fait main - Blanc - The Other Side","og_description":"Un tote bag fait main, con\u00e7u dans le respect de l'environnement, des animaux et de votre peau. LE sac slow fashion.","og_url":"https:\/\/the-otherside.eu\/eng\/product\/sac-fourre-tout-blanc\/","og_site_name":"The Other Side","article_modified_time":"2024-11-21T15:00:36+00:00","og_image":[{"width":533,"height":800,"url":"https:\/\/the-otherside.eu\/wp-content\/uploads\/2020\/07\/IMG_2671-533x800.png","type":"image\/png"}],"twitter_card":"summary_large_image","twitter_misc":{"Estimated reading time":"1 minute"},"schema":{"@context":"https:\/\/schema.org","@graph":[{"@type":"WebPage","@id":"https:\/\/the-otherside.eu\/produit\/sac-fourre-tout-blanc\/","url":"https:\/\/the-otherside.eu\/produit\/sac-fourre-tout-blanc\/","name":"Tote bag fait main - Blanc - The Other Side","isPartOf":{"@id":"https:\/\/the-otherside.eu\/#website"},"datePublished":"2020-07-05T20:01:46+00:00","dateModified":"2024-11-21T15:00:36+00:00","description":"Un tote bag fait main, con\u00e7u dans le respect de l'environnement, des animaux et de votre peau. LE sac slow fashion.","breadcrumb":{"@id":"https:\/\/the-otherside.eu\/produit\/sac-fourre-tout-blanc\/#breadcrumb"},"inLanguage":"en-GB","potentialAction":[{"@type":"ReadAction","target":["https:\/\/the-otherside.eu\/produit\/sac-fourre-tout-blanc\/"]}]},{"@type":"BreadcrumbList","@id":"https:\/\/the-otherside.eu\/produit\/sac-fourre-tout-blanc\/#breadcrumb","itemListElement":[{"@type":"ListItem","position":1,"name":"Accueil","item":"https:\/\/the-otherside.eu\/"},{"@type":"ListItem","position":2,"name":"Boutique","item":"https:\/\/the-otherside.eu\/shop\/"},{"@type":"ListItem","position":3,"name":"Tote bag \u2013 Blanc"}]},{"@type":"WebSite","@id":"https:\/\/the-otherside.eu\/#website","url":"https:\/\/the-otherside.eu\/","name":"The Other Side","description":"","publisher":{"@id":"https:\/\/the-otherside.eu\/#organization"},"potentialAction":[{"@type":"SearchAction","target":{"@type":"EntryPoint","urlTemplate":"https:\/\/the-otherside.eu\/?s={search_term_string}"},"query-input":"required name=search_term_string"}],"inLanguage":"en-GB"},{"@type":"Organization","@id":"https:\/\/the-otherside.eu\/#organization","name":"The Other Side","url":"https:\/\/the-otherside.eu\/","logo":{"@type":"ImageObject","inLanguage":"en-GB","@id":"https:\/\/the-otherside.eu\/#\/schema\/logo\/image\/","url":"https:\/\/the-otherside.eu\/wp-content\/uploads\/2020\/07\/THE-OTHER-SIDE_with-O-logo.png","contentUrl":"https:\/\/the-otherside.eu\/wp-content\/uploads\/2020\/07\/THE-OTHER-SIDE_with-O-logo.png","width":1920,"height":561,"caption":"The Other Side"},"image":{"@id":"https:\/\/the-otherside.eu\/#\/schema\/logo\/image\/"}}]}},"_links":{"self":[{"href":"https:\/\/the-otherside.eu\/eng\/wp-json\/wp\/v3\/product\/3944","targetHints":{"allow":["GET"]}}],"collection":[{"href":"https:\/\/the-otherside.eu\/eng\/wp-json\/wp\/v3\/product"}],"about":[{"href":"https:\/\/the-otherside.eu\/eng\/wp-json\/wp\/v2\/types\/product"}],"replies":[{"embeddable":true,"href":"https:\/\/the-otherside.eu\/eng\/wp-json\/wp\/v2\/comments?post=3944"}],"wp:featuredmedia":[{"embeddable":true,"href":"https:\/\/the-otherside.eu\/eng\/wp-json\/wp\/v2\/media\/5829"}],"wp:attachment":[{"href":"https:\/\/the-otherside.eu\/eng\/wp-json\/wp\/v2\/media?parent=3944"}],"wp:term":[{"taxonomy":"product_cat","embeddable":true,"href":"https:\/\/the-otherside.eu\/eng\/wp-json\/wp\/v2\/product_cat?post=3944"},{"taxonomy":"product_tag","embeddable":true,"href":"https:\/\/the-otherside.eu\/eng\/wp-json\/wp\/v2\/product_tag?post=3944"}],"curies":[{"name":"wp","href":"https:\/\/api.w.org\/{rel}","templated":true}]}}