{"id":3736,"date":"2020-06-26T00:14:18","date_gmt":"2020-06-25T22:14:18","guid":{"rendered":"https:\/\/the-otherside.eu\/?post_type=product&#038;p=3736"},"modified":"2024-11-21T16:01:56","modified_gmt":"2024-11-21T15:01:56","slug":"lingettes-demaquillantes","status":"publish","type":"product","link":"https:\/\/the-otherside.eu\/eng\/product\/lingettes-demaquillantes\/","title":{"rendered":"Makeup Remover Wipes"},"content":{"rendered":"<p>\u25cf Size: 10 cm x 10 cm<\/p>\n<p>\u25cf Pack of 3<\/p>\n<p>\u25cf Fabric: 100% organic bamboo (OEKO-TEX\u00ae) printed with environmentally friendly inks in Sweden \/ 100% organic bamboo sponge<\/p>\n<p>\u25cf Thread: 100% organic cotton<\/p>\n<p>\u25cf Design using zero waste pens and recycled paper<\/p>\n<p>\u25cf Ethically handmade with care in France<\/p>\n<p>\u25cf We recommend washing by hand at a maximum of 30\u00b0. To keep the colours beautiful, avoid products containing bleach, wash on the reverse side, iron at a low temperature, do not tumble dry and do not dry clean.<\/p>\n<p>\u25cf Sent in recycled packaging<\/p>","protected":false},"excerpt":{"rendered":"<p>Les cotons \u00e0 usage unique constituent une \u00e9norme source de d\u00e9chets, et m\u00eame ceux en coton biologique ne font pas une \u00e9norme diff\u00e9rence puisqu\u2019ils finissent dans les d\u00e9charges et les oc\u00e9ans. Il exige \u00e9galement d\u2019\u00e9normes quantit\u00e9s d\u2019eau, la r\u00e9duction de ton utilisation de coton est l\u2019une des plus importantes contributions que tu puisses faire pour notre bien \u00e0 tous.<\/p>","protected":false},"featured_media":5507,"comment_status":"closed","ping_status":"closed","template":"","meta":{"_mi_skip_tracking":false},"product_cat":[95,114],"product_tag":[526],"class_list":{"0":"post-3736","1":"product","2":"type-product","3":"status-publish","4":"has-post-thumbnail","5":"hentry","6":"product_cat-accessoires","7":"product_cat-lingettes","8":"product_tag-wipe","10":"catalog-layout-default","11":"columns-xs-1"},"yoast_head":"<!-- This site is optimized with the Yoast SEO plugin v20.6 - https:\/\/yoast.com\/wordpress\/plugins\/seo\/ -->\n<title>Lingettes d\u00e9maquillantes - The Other Side<\/title>\n<meta name=\"description\" content=\"D\u00e9couvrez nos lingettes d\u00e9maquillantes r\u00e9utilisables en coton biologique. Ils vous accompagneront au quotidien.\" \/>\n<meta name=\"robots\" content=\"index, follow, max-snippet:-1, max-image-preview:large, max-video-preview:-1\" \/>\n<link rel=\"canonical\" href=\"https:\/\/the-otherside.eu\/eng\/product\/lingettes-demaquillantes\/\" \/>\n<meta property=\"og:locale\" content=\"en_GB\" \/>\n<meta property=\"og:type\" content=\"article\" \/>\n<meta property=\"og:title\" content=\"Lingettes d\u00e9maquillantes - The Other Side\" \/>\n<meta property=\"og:description\" content=\"D\u00e9couvrez nos lingettes d\u00e9maquillantes r\u00e9utilisables en coton biologique. Ils vous accompagneront au quotidien.\" \/>\n<meta property=\"og:url\" content=\"https:\/\/the-otherside.eu\/eng\/product\/lingettes-demaquillantes\/\" \/>\n<meta property=\"og:site_name\" content=\"The Other Side\" \/>\n<meta property=\"article:modified_time\" content=\"2024-11-21T15:01:56+00:00\" \/>\n<meta property=\"og:image\" content=\"https:\/\/the-otherside.eu\/wp-content\/uploads\/2020\/06\/Lingette-petite-1-533x800.png\" \/>\n\t<meta property=\"og:image:width\" content=\"533\" \/>\n\t<meta property=\"og:image:height\" content=\"800\" \/>\n\t<meta property=\"og:image:type\" content=\"image\/png\" \/>\n<meta name=\"twitter:card\" content=\"summary_large_image\" \/>\n<meta name=\"twitter:label1\" content=\"Estimated reading time\" \/>\n\t<meta name=\"twitter:data1\" content=\"1 minute\" \/>\n<script type=\"application\/ld+json\" class=\"yoast-schema-graph\">{\"@context\":\"https:\/\/schema.org\",\"@graph\":[{\"@type\":\"WebPage\",\"@id\":\"https:\/\/the-otherside.eu\/produit\/lingettes-demaquillantes\/\",\"url\":\"https:\/\/the-otherside.eu\/produit\/lingettes-demaquillantes\/\",\"name\":\"Lingettes d\u00e9maquillantes - The Other Side\",\"isPartOf\":{\"@id\":\"https:\/\/the-otherside.eu\/#website\"},\"datePublished\":\"2020-06-25T22:14:18+00:00\",\"dateModified\":\"2024-11-21T15:01:56+00:00\",\"description\":\"D\u00e9couvrez nos lingettes d\u00e9maquillantes r\u00e9utilisables en coton biologique. Ils vous accompagneront au quotidien.\",\"breadcrumb\":{\"@id\":\"https:\/\/the-otherside.eu\/produit\/lingettes-demaquillantes\/#breadcrumb\"},\"inLanguage\":\"en-GB\",\"potentialAction\":[{\"@type\":\"ReadAction\",\"target\":[\"https:\/\/the-otherside.eu\/produit\/lingettes-demaquillantes\/\"]}]},{\"@type\":\"BreadcrumbList\",\"@id\":\"https:\/\/the-otherside.eu\/produit\/lingettes-demaquillantes\/#breadcrumb\",\"itemListElement\":[{\"@type\":\"ListItem\",\"position\":1,\"name\":\"Accueil\",\"item\":\"https:\/\/the-otherside.eu\/\"},{\"@type\":\"ListItem\",\"position\":2,\"name\":\"Boutique\",\"item\":\"https:\/\/the-otherside.eu\/shop\/\"},{\"@type\":\"ListItem\",\"position\":3,\"name\":\"Lingettes d\u00e9maquillantes\"}]},{\"@type\":\"WebSite\",\"@id\":\"https:\/\/the-otherside.eu\/#website\",\"url\":\"https:\/\/the-otherside.eu\/\",\"name\":\"The Other Side\",\"description\":\"\",\"publisher\":{\"@id\":\"https:\/\/the-otherside.eu\/#organization\"},\"potentialAction\":[{\"@type\":\"SearchAction\",\"target\":{\"@type\":\"EntryPoint\",\"urlTemplate\":\"https:\/\/the-otherside.eu\/?s={search_term_string}\"},\"query-input\":\"required name=search_term_string\"}],\"inLanguage\":\"en-GB\"},{\"@type\":\"Organization\",\"@id\":\"https:\/\/the-otherside.eu\/#organization\",\"name\":\"The Other Side\",\"url\":\"https:\/\/the-otherside.eu\/\",\"logo\":{\"@type\":\"ImageObject\",\"inLanguage\":\"en-GB\",\"@id\":\"https:\/\/the-otherside.eu\/#\/schema\/logo\/image\/\",\"url\":\"https:\/\/the-otherside.eu\/wp-content\/uploads\/2020\/07\/THE-OTHER-SIDE_with-O-logo.png\",\"contentUrl\":\"https:\/\/the-otherside.eu\/wp-content\/uploads\/2020\/07\/THE-OTHER-SIDE_with-O-logo.png\",\"width\":1920,\"height\":561,\"caption\":\"The Other Side\"},\"image\":{\"@id\":\"https:\/\/the-otherside.eu\/#\/schema\/logo\/image\/\"}}]}<\/script>\n<!-- \/ Yoast SEO plugin. -->","yoast_head_json":{"title":"Lingettes d\u00e9maquillantes - The Other Side","description":"D\u00e9couvrez nos lingettes d\u00e9maquillantes r\u00e9utilisables en coton biologique. Ils vous accompagneront au quotidien.","robots":{"index":"index","follow":"follow","max-snippet":"max-snippet:-1","max-image-preview":"max-image-preview:large","max-video-preview":"max-video-preview:-1"},"canonical":"https:\/\/the-otherside.eu\/eng\/product\/lingettes-demaquillantes\/","og_locale":"en_GB","og_type":"article","og_title":"Lingettes d\u00e9maquillantes - The Other Side","og_description":"D\u00e9couvrez nos lingettes d\u00e9maquillantes r\u00e9utilisables en coton biologique. Ils vous accompagneront au quotidien.","og_url":"https:\/\/the-otherside.eu\/eng\/product\/lingettes-demaquillantes\/","og_site_name":"The Other Side","article_modified_time":"2024-11-21T15:01:56+00:00","og_image":[{"width":533,"height":800,"url":"https:\/\/the-otherside.eu\/wp-content\/uploads\/2020\/06\/Lingette-petite-1-533x800.png","type":"image\/png"}],"twitter_card":"summary_large_image","twitter_misc":{"Estimated reading time":"1 minute"},"schema":{"@context":"https:\/\/schema.org","@graph":[{"@type":"WebPage","@id":"https:\/\/the-otherside.eu\/produit\/lingettes-demaquillantes\/","url":"https:\/\/the-otherside.eu\/produit\/lingettes-demaquillantes\/","name":"Lingettes d\u00e9maquillantes - The Other Side","isPartOf":{"@id":"https:\/\/the-otherside.eu\/#website"},"datePublished":"2020-06-25T22:14:18+00:00","dateModified":"2024-11-21T15:01:56+00:00","description":"D\u00e9couvrez nos lingettes d\u00e9maquillantes r\u00e9utilisables en coton biologique. Ils vous accompagneront au quotidien.","breadcrumb":{"@id":"https:\/\/the-otherside.eu\/produit\/lingettes-demaquillantes\/#breadcrumb"},"inLanguage":"en-GB","potentialAction":[{"@type":"ReadAction","target":["https:\/\/the-otherside.eu\/produit\/lingettes-demaquillantes\/"]}]},{"@type":"BreadcrumbList","@id":"https:\/\/the-otherside.eu\/produit\/lingettes-demaquillantes\/#breadcrumb","itemListElement":[{"@type":"ListItem","position":1,"name":"Accueil","item":"https:\/\/the-otherside.eu\/"},{"@type":"ListItem","position":2,"name":"Boutique","item":"https:\/\/the-otherside.eu\/shop\/"},{"@type":"ListItem","position":3,"name":"Lingettes d\u00e9maquillantes"}]},{"@type":"WebSite","@id":"https:\/\/the-otherside.eu\/#website","url":"https:\/\/the-otherside.eu\/","name":"The Other Side","description":"","publisher":{"@id":"https:\/\/the-otherside.eu\/#organization"},"potentialAction":[{"@type":"SearchAction","target":{"@type":"EntryPoint","urlTemplate":"https:\/\/the-otherside.eu\/?s={search_term_string}"},"query-input":"required name=search_term_string"}],"inLanguage":"en-GB"},{"@type":"Organization","@id":"https:\/\/the-otherside.eu\/#organization","name":"The Other Side","url":"https:\/\/the-otherside.eu\/","logo":{"@type":"ImageObject","inLanguage":"en-GB","@id":"https:\/\/the-otherside.eu\/#\/schema\/logo\/image\/","url":"https:\/\/the-otherside.eu\/wp-content\/uploads\/2020\/07\/THE-OTHER-SIDE_with-O-logo.png","contentUrl":"https:\/\/the-otherside.eu\/wp-content\/uploads\/2020\/07\/THE-OTHER-SIDE_with-O-logo.png","width":1920,"height":561,"caption":"The Other Side"},"image":{"@id":"https:\/\/the-otherside.eu\/#\/schema\/logo\/image\/"}}]}},"_links":{"self":[{"href":"https:\/\/the-otherside.eu\/eng\/wp-json\/wp\/v3\/product\/3736","targetHints":{"allow":["GET"]}}],"collection":[{"href":"https:\/\/the-otherside.eu\/eng\/wp-json\/wp\/v3\/product"}],"about":[{"href":"https:\/\/the-otherside.eu\/eng\/wp-json\/wp\/v2\/types\/product"}],"replies":[{"embeddable":true,"href":"https:\/\/the-otherside.eu\/eng\/wp-json\/wp\/v2\/comments?post=3736"}],"wp:featuredmedia":[{"embeddable":true,"href":"https:\/\/the-otherside.eu\/eng\/wp-json\/wp\/v2\/media\/5507"}],"wp:attachment":[{"href":"https:\/\/the-otherside.eu\/eng\/wp-json\/wp\/v2\/media?parent=3736"}],"wp:term":[{"taxonomy":"product_cat","embeddable":true,"href":"https:\/\/the-otherside.eu\/eng\/wp-json\/wp\/v2\/product_cat?post=3736"},{"taxonomy":"product_tag","embeddable":true,"href":"https:\/\/the-otherside.eu\/eng\/wp-json\/wp\/v2\/product_tag?post=3736"}],"curies":[{"name":"wp","href":"https:\/\/api.w.org\/{rel}","templated":true}]}}